(t). Let w(v) be the second derivative of v**3/6 - v**2/2 - 6*v. Calculate w(r).
-3
Let q be (-2 - -8) + 2*-2. Suppose q*k + 4*y = -6, k + 3*y = 2*k - 2. Let u(j) be the third derivative of -j**6/24 - j**5/60 + j**2. What is u(k)?
4
Let q(u) = -4*u - 5. Let d be -4 - 5/25 - (-1)/5. Determine q(d).
11
Suppose -a - 8 = -3*a. Let m = a + -9. Let i(b) = -b**3 - 6*b**2 - 6*b. Determine i(m).
5
Let c be (-2)/(2 + (-8)/3). Let z(r) = -3 + 13*r + 5 - c - 6*r. Determine z(1).
6
Suppose -4*f - 2 = y, f + 26 = -5*y - 3*f. Let r(c) = c**2 + 6*c + 5. Calculate r(y).
5
Let t(g) = g. Let n(u) = 10*u - 6*u - 5*u. Let w(v) = 4*n(v) + 3*t(v). What is w(-6)?
6
Let w(u) = 3*u + 1. Let k(c) = c + 1. Let d(l) = -10*k(l) + 4*w(l). Let y be 3*3 - (-45)/(-15). Calculate d(y).
6
Suppose -s + 4*v - 17 = 0, -3 = -5*s - 3*v + 27. Let r(q) = -1 + 2*q**3 + 2*q**3 - 3*q**s - 2*q**2. Suppose 1 = i - 2. What is r(i)?
8
Suppose -3*r = 5*b - 8*r + 10, 5*b - 18 = -2*r. Let y(v) = -5*v**2 + 2*v + 2. Calculate y(b).
-14
Let s(w) = -5 + 5 - 2*w + 1 - 4*w. Calculate s(1).
-5
Let w(h) = -h**3 - 2*h**2 + 1. Let u = -11 + 11. Suppose -3*r + 5 + 4 = 0. Let b = u - r. Give w(b).
10
Let i(n) be the second derivative of n**5/20 - 13*n**4/12 - n**2/2 - 12*n. Determine i(13).
-1
Suppose 7 = -4*a - 21. Let b = -2 - a. Let x(s) = -s**2 + 5*s - 2. Calculate x(b).
-2
Let g(u) be the second derivative of -u**6/360 + 7*u**5/120 - u**4/8 - 2*u**3/3 - u. Let z(n) be the second derivative of g(n). Give z(4).
9
Let o(x) = 4*x + 2. Let z(i) = -i. Let k(y) = 2*o(y) + 6*z(y). Calculate k(-3).
-2
Let j(r) be the first derivative of -r**4/24 + r**3/2 - 2*r**2 - 1. Let c(d) be the second derivative of j(d). Calculate c(6).
-3
Let o(a) = -a - 1. Let y(c) = -2*c - 10. Let l(d) = d. Let w(n) = l(n) + y(n). Let q(s) = -3*o(s) + w(s). Calculate q(5).
3
Let f(s) = 3*s**2 + 2*s - 1. Let p(t) = -t**3 - 12*t**2 - 2*t - 23. Let v be p(-12). Calculate f(v).
4
Let u(m) = -m + 1. Let v be u(4). Let a = 2 - -1. Let p = v + a. Let y(o) = o**2 + o + 1. Give y(p).
1
Let g(m) be the second derivative of -m**6/720 - 11*m**5/120 - m**4/3 + 3*m. Let w(z) be the third derivative of g(z). What is w(-6)?
-5
Let o(k) = 5*k**3 + 20*k**2 + 20*k - 5. Let f(i) = i**3 - 1 + 7*i - 2*i + 5*i**2 + 0. Let y(n) = 9*f(n) - 2*o(n). What is y(6)?
-5
Suppose l - 8 = 4*p + 3*l, -12 = 4*p + 4*l. Let k be (p - 1*-2) + -1. Let o(t) = -t**2 + 3. What is o(k)?
3
Let t be -6 - (-5)/((-10)/4). Let r = t - -8. Let h(z) = 0*z + 1 - z**2 + 4*z + r*z**2 + 0*z. Give h(2).
5
Let z(v) be the second derivative of -v**6/10 - v**5/60 - v**4/24 - v**3/6 + 3*v**2/2 + 2*v. Let d(a) be the first derivative of z(a). Calculate d(-1).
11
Let p(s) = -s**3 - 4*s**2 - 4*s - 1. Let k be p(-3). Let b(v) = v**k + 0 + 4*v + 1 + 2. Let x(q) = -5*q + 7. Let r be x(2). What is b(r)?
0
Let r(w) = -w**2 - 4. Let i(m) = -m**2 + m - 1. Let b(l) = 3*i(l) - r(l). Let f(p) = 1 + 0*p + 2 + 2*p**2 + 4*p. Let u be f(-2). Determine b(u).
-8
Let v(x) = x**2. Let d(n) = n**3 - 10*n**2 - 2*n + 2. Let o(h) = -d(h) - 6*v(h). Let k = -329 + 333. Give o(k).
6
Let c(g) = -2*g + 2. Suppose 0 = -3*y + 2*q + 6, -y + 7*q = 3*q + 8. Give c(y).
-6
Let t = -15 - -15. Let a(w) = 3 - 4 - 1 - w**2. What is a(t)?
-2
Let n(j) = j**3 - 4*j**2 - j - 1. Let z(o) be the first derivative of -o**4/4 + o**2/2 + 4*o - 2. Let c be z(0). Suppose -q + 0*q + c = 0. Calculate n(q).
-5
Let s(d) = -120 - 2*d + d + 111. Give s(-4).
-5
Let q(o) = -o**2 - 1. Suppose a = -0*a - 1. Let d = a - 1. What is q(d)?
-5
Let q(a) = 3*a**2 - 7*a - 4. Let d(c) = 13*c**2 - 28*c - 15. Let k(x) = -2*d(x) + 9*q(x). Determine k(7).
-6
Let z(o) = o**3 + 8*o**2 + 7*o + 1. Suppose -4*a = 9 - 21. Suppose -5*h + 17 + 1 = -4*v, 0 = -a*v - 5*h - 31. What is z(v)?
1
Let l(j) = 0 + 6 - j + 2. Let g be l(6). Let d(m) = m - 3*m - 3 + 4. What is d(g)?
-3
Let a(w) be the first derivative of -w**4/4 + 2*w**3 - w**2/2 + 6*w - 18. Calculate a(6).
0
Let o(t) = 0*t**2 - 3*t**2 + 1 + 2*t**2 - 2*t + 0*t**2. Calculate o(2).
-7
Let x = 7 - 20/3. Let k(r) be the second derivative of -1/20*r**5 - 1/3*r**4 + 0 - x*r**3 + 2*r - r**2. Determine k(-4).
6
Let l(p) be the second derivative of p**4/6 + 2*p**3/3 + p**2 - 2*p. Let m(g) = g**2 + 5*g + 4. Let n be (9/12)/(1/(-4)). Let u be m(n). What is l(u)?
2
Let v(m) = m**2 + 6*m - 10. Let i be v(-8). Let o(n) = -2*n - 3*n - 8 + i*n. Give o(6).
-2
Let m(i) be the first derivative of i**4/12 - i**3/6 + i**2 + 2*i - 2. Let g(p) be the first derivative of m(p). Determine g(2).
4
Let d = -1 + 1. Let q(v) = -v - 3. Let s be q(-10). Let m(c) = 0*c - 8*c + s*c - 2. Give m(d).
-2
Let z = 4 + -1. Suppose -2*m = -4*c + 36, -z*m + 4 - 23 = -c. Let l = c - 2. Let d(k) = -k**2 + 6*k + 2. Give d(l).
7
Let g = 10 + -24. Let u = g - -20. Let x(k) = -1 + 1 - 8 + 2*k. What is x(u)?
4
Let p(c) = -c**2 - 6*c - 5. Let k(h) = h**2 - 9*h + 8. Let d(t) = -t**2 - 6*t + 2. Let r be d(-5). Let m be k(r). What is p(m)?
-5
Let a(u) = u**2 - 5*u - 5. Let n be a(7). Let f = n - 3. Let h(o) = o + 3*o + 3*o**2 + f - 2*o**2. Determine h(-4).
6
Let h be 2/4 + (-70)/(-4). Suppose 2*t + h = -3*g, -2*t + 4*t = g - 18. Let k be t/2 + 1/2. Let q(w) = w**3 + 5*w**2 + 5*w - 4. Calculate q(k).
-8
Suppose -20 = -3*l - l. Let s(m) = m - 9. Give s(l).
-4
Let c(i) = i - 2. Let m = -13 - -19. Let k be c(m). Let n(u) = -u**3 + 3*u**2 + 4*u - 6. Calculate n(k).
-6
Let z(o) = 9*o - 6. Let d(f) = 5*f - 3. Let a(h) = 11*d(h) - 6*z(h). Calculate a(0).
3
Let a(j) = 4*j**3 + j**2. Suppose 0*o + 4*o = 36. Suppose -o = -3*w - 0. Suppose w*q - 7*q = -4. What is a(q)?
5
Let p(f) = 10*f - 2 - 13*f + 2*f + f**3 + f**2. What is p(-2)?
-4
Let j(v) = v**3 + 12*v**2 + 11*v + 1. Let r be j(-11). Let x be -6*(2 + 5/(-2)). Let o(z) = x + z + 0 - 4. Determine o(r).
0
Let t(z) = -z**3 - 2*z**2 + 5*z + 2. Suppose 4*q - 4*u + 9 - 1 = 0, 4*q + 10 = 5*u. Let k(x) = -x - 3. Let m be k(q). Give t(m).
-4
Let b(z) = z**3 + 3*z**2 - 2*z - 3. Let t(x) = -3*x + 12. Let n be t(5). What is b(n)?
3
Let f(g) = 2*g**3 - 4*g**2 + 4*g - 2. Let v(q) = q**2 + 26*q + 27. Let l be v(-25). Give f(l).
6
Let h(y) = y**2 + 7*y + 12. Let r be h(-5). Let a(p) = p**3 - 3*p**2 + 2. Give a(r).
-2
Let j(b) = -b**2 + 10*b - 8. Suppose -35*l + 16 = -33*l. What is j(l)?
8
Let m be (-3 + 6 - 4)*0. Let c(f) be the third derivative of m + 4*f**2 - 1/120*f**6 - 1/30*f**5 + 0*f + 1/6*f**3 + 1/12*f**4. Determine c(-3).
4
Let i(h) = h**2 + 5*h - 5. Suppose 4*k + 17 + 1 = -2*s, 39 = -4*k + 5*s. Give i(k).
1
Suppose 6*m - 10 = -h + 4*m, m = -3*h + 50. Suppose 3*z - 6*z = h. Let p(g) = -g**3 - 6*g**2 + g + 3. What is p(z)?
-3
Let x(a) = a**3 + 2*a**2 - 4*a - 1. Let b be -4 + 3 + 3*-9. Let v be (-18)/(-14) - (-8)/b. Suppose 4 = -r + v. Determine x(r).
2
Let h(g) = 5*g**3 + 17*g**2 - 2*g + 7. Let f(x) = 2*x - 5 + 0*x**3 - 11*x**2 - 3*x**3 - x. Let c(a) = 8*f(a) + 5*h(a). Give c(4).
3
Let h be 3/(-9) - (-66)/9. Let q = h - 10. Let s(o) = 3*o + 3. What is s(q)?
-6
Let h(z) be the third derivative of z**4/12 + 7*z**3/6 + 8*z**2. Determine h(-5).
-3
Let a(m) = 4 - 2 - 4 + 3. Let z(g) = 2*g + 1. Let q(f) = -2*a(f) + z(f). Let v(k) = -2*k**2 - 4*k - 3. Let n be v(-2). What is q(n)?
-7
Let j(n) be the second derivative of n**6/120 + n**5/15 - n**4/12 + n**3/3 - n**2/2 - n. Let q(l) be the first derivative of j(l). Let a = -10 + 6. Give q(a).
10
Let j(l) = -2*l - 9. Let b(v) = -v**2 + v - 10. Let s be b(0). Let x be j(s). Suppose 0 = -2*q - 1 - x. Let a(h) = -h**2 - 7*h - 8. Give a(q).
-2
Let h(r) = -2*r**2 - 4*r. Suppose -30 = -0*t - 2*t. Suppose 5*o + 2*u - u - 41 = 0, 43 = 5*o + 3*u. Suppose o*g + t = 3*g. Determine h(g).
-6
Let z(a) = 4*a. Let o be -6*-1*(-3)/(-6). Suppose -r - 2*r = o. Calculate z(r).
-4
Let u(d) be the first derivative of -d**2 + d + 16. Calculate u(-1).
3
Suppose j = -2*o - j + 4, 30 = -5*o + 3*j. Let f(m) be the first derivative of m**4/4 + 4*m**3/3 + m**2 + 3*m - 6. Calculate f(o).
6
Suppose 2*n = -39 + 45. Let p(o) = 5*o. Give p(n).
15
Suppose 15 - 5 = y - 2*q, 2*y + 5*q + 7 = 0. Let i(s) = s**3 - 4*s**2 - s. Determine i(y).
-4
Let l(k) = k**2 + 6*k + 4. Let p(r) = -6 - 4*r - r**3 + 5*r + r**2 + 7*r**2 + 8*r. Let g be p(9). Determine l(g).
4
Let s(k) be the first derivative of -2 - 1/6*k**4 + 0*k - 1/20*k**5 - 1/2*k**3